{"id":600,"date":"2020-09-05T15:55:47","date_gmt":"2020-09-05T15:55:47","guid":{"rendered":"https:\/\/www.canyonhat.com\/site2\/?page_id=600"},"modified":"2020-09-24T05:17:48","modified_gmt":"2020-09-24T05:17:48","slug":"historia","status":"publish","type":"page","link":"https:\/\/www.canyonhat.com\/site2\/historia\/","title":{"rendered":"Historia"},"content":{"rendered":"\t\t<div data-elementor-type=\"wp-page\" data-elementor-id=\"600\" class=\"elementor elementor-600\" data-elementor-settings=\"[]\">\n\t\t\t\t\t\t<div class=\"elementor-inner\">\n\t\t\t\t\t\t\t<div class=\"elementor-section-wrap\">\n\t\t\t\t\t\t\t<section class=\"elementor-section elementor-top-section elementor-element elementor-element-36f2da8 elementor-section-boxed elementor-section-height-default elementor-section-height-default\" data-id=\"36f2da8\" data-element_type=\"section\">\n\t\t\t\t\t\t<div class=\"elementor-container elementor-column-gap-default\">\n\t\t\t\t\t\t\t<div class=\"elementor-row\">\n\t\t\t\t\t<div class=\"elementor-column elementor-col-100 elementor-top-column elementor-element elementor-element-0460891\" data-id=\"0460891\" data-element_type=\"column\">\n\t\t\t<div class=\"elementor-column-wrap elementor-element-populated\">\n\t\t\t\t\t\t\t<div class=\"elementor-widget-wrap\">\n\t\t\t\t\t\t<div class=\"elementor-element elementor-element-0d22180 elementor-widget elementor-widget-image\" data-id=\"0d22180\" data-element_type=\"widget\" data-widget_type=\"image.default\">\n\t\t\t\t<div class=\"elementor-widget-container\">\n\t\t\t\t\t\t\t\t<div class=\"elementor-image\">\n\t\t\t\t\t\t\t\t\t\t\t\t<img width=\"1024\" height=\"682\" src=\"https:\/\/www.canyonhat.com\/site2\/wp-content\/uploads\/2020\/09\/04-1-1024x682.jpg\" class=\"attachment-large size-large\" alt=\"\" loading=\"lazy\" srcset=\"https:\/\/www.canyonhat.com\/site2\/wp-content\/uploads\/2020\/09\/04-1-1024x682.jpg 1024w, https:\/\/www.canyonhat.com\/site2\/wp-content\/uploads\/2020\/09\/04-1-300x200.jpg 300w, https:\/\/www.canyonhat.com\/site2\/wp-content\/uploads\/2020\/09\/04-1-768x511.jpg 768w, https:\/\/www.canyonhat.com\/site2\/wp-content\/uploads\/2020\/09\/04-1-1536x1023.jpg 1536w, https:\/\/www.canyonhat.com\/site2\/wp-content\/uploads\/2020\/09\/04-1-830x553.jpg 830w, https:\/\/www.canyonhat.com\/site2\/wp-content\/uploads\/2020\/09\/04-1-230x153.jpg 230w, https:\/\/www.canyonhat.com\/site2\/wp-content\/uploads\/2020\/09\/04-1-350x233.jpg 350w, https:\/\/www.canyonhat.com\/site2\/wp-content\/uploads\/2020\/09\/04-1-480x320.jpg 480w, https:\/\/www.canyonhat.com\/site2\/wp-content\/uploads\/2020\/09\/04-1.jpg 1586w\" sizes=\"(max-width: 1024px) 100vw, 1024px\" \/>\t\t\t\t\t\t\t\t\t\t\t\t\t\t<\/div>\n\t\t\t\t\t\t<\/div>\n\t\t\t\t<\/div>\n\t\t\t\t<div class=\"elementor-element elementor-element-432aae1 elementor-widget elementor-widget-text-editor\" data-id=\"432aae1\" data-element_type=\"widget\" data-widget_type=\"text-editor.default\">\n\t\t\t\t<div class=\"elementor-widget-container\">\n\t\t\t\t\t\t\t\t<div class=\"elementor-text-editor elementor-clearfix\">\n\t\t\t\t\t<p class=\"font_0\"><strong><span class=\"color_15\" style=\"color: #000000;\">Antonio Garcia fundador de \u201cCanyon\u00a0\u00a0Hats\u201d es el sexto de once hermanos del matrimonio de Filem\u00f3n Garcia y Ma. Luisa Sierra. Desde muy peque\u00f1o su padre le ense\u00f1o el oficio de pespuntador, un oficio muy popular en la ciudad donde \u00e9l naci\u00f3.\u00a0<\/span><\/strong><\/p><p class=\"font_0\"><strong><span style=\"color: #000000;\"><span class=\"wixGuard\">\u200b<\/span><span class=\"color_15\">A sus 16 a\u00f1os, Antonio \u201cEl Ca\u00f1\u00f3n\u201d como mejor lo conocen las personas m\u00e1s cercanas a \u00e9l, empez\u00f3 a trabajar en su oficio en varias de las mejores empresas de la regi\u00f3n. Por sus grandes cualidades empez\u00f3 a escalar puestos, pasando de ser operativo de primera l\u00ednea a\u00a0\u00a0encargado de grupos de trabajo.\u00a0<\/span><\/span><\/strong><\/p><p class=\"font_0\"><strong><span style=\"color: #000000;\"><span class=\"wixGuard\">\u200b<\/span><span class=\"color_15\">Contando ya con 8 a\u00f1os de experiencia tanto en proceso como en liderazgo pero sobretodo con\u00a0\u00a0una gran inquietud\u00a0\u00a0de superaci\u00f3n, a sus 24 a\u00f1os decide emigrar a los Estados Unidos donde est\u00e1n dos de sus hermanos.<\/span><\/span><\/strong><\/p><p class=\"font_8\"><strong><span style=\"color: #000000;\">Agradecido siempre con sus hermanos,\u00a0\u00a0Mario y Juan Carlos,\u00a0\u00a0que lo invitaron\u00a0\u00a0a los Estados Unidos a trabajar junto con ellos\u00a0\u00a0para que pudiera ejercer \u00a0Antonio su oficio de pespuntador del cu\u00e1l\u00a0\u00a0\u00a0se siente muy orgulloso, pero esta vez ya no en el proceso del calzado sino en el de la fabricaci\u00f3n del sombrero artesanal.\u00a0<\/span><\/strong><\/p><p class=\"font_8\"><strong><span style=\"color: #000000;\"><span class=\"wixGuard\">\u200b<\/span>Gracias al incondicional apoyo que tuvo por parte de la empresa, r\u00e1pidamente se acoplo al sistema de trabajo de ellos y siendo siempre un apasionado por el estilo vaquero ya no solo ten\u00eda la pasi\u00f3n de usar el sombrero, ahora tambi\u00e9n tuvo la oportunidad de reflejar esa gran pasi\u00f3n en la producci\u00f3n del mismo,\u00a0\u00a0logrando ser reconocido como uno de los mejores pespuntadores de ese lugar, su alto nivel de calidad y productividad\u00a0\u00a0se ven muy pronto\u00a0\u00a0reflejados en la empresa con la mayor\u00a0\u00a0satisfacci\u00f3n de sus clientes y con el gran incremento en ventas de la misma.<\/span><\/strong><\/p><p class=\"font_8\"><strong><span style=\"color: #000000;\">Despu\u00e9s de 5 a\u00f1os de estar trabajando\u00a0en los Estados \u00a0Unidos Antonio \u00a0decide\u00a0\u00a0regresarse a M\u00e9xico y\u00a0\u00a0toma la iniciativa de poner a prueba sus habilidades y conocimientos obtenidos\u00a0\u00a0para emprender su propio negocio en compa\u00f1\u00eda de su familia , en su m\u00e1s apasionado producto que son los sombreros y empieza entonces a fabricarlos .<\/span><\/strong><\/p><p class=\"font_8\"><strong><span style=\"color: #000000;\"><span class=\"wixGuard\">\u200b<\/span>En base a su sobrenombre el 23 de Octubre de 2015 da nacimiento a la empresa: \u201cCanyon\u00a0\u00a0Hats\u201d.<\/span><\/strong><\/p><p class=\"font_8\"><strong><span style=\"color: #000000;\"><span class=\"wixGuard\">\u200b<\/span>Desde entonces el\u00a0\u00a0camino no ha sido f\u00e1cil, pero con esfuerzo y dedicaci\u00f3n se ha salido adelante, confiando en la originalidad de los dise\u00f1os que el mismo elabora pero sobre todo con los valores de humildad, honestidad y respeto hacia la competencia leal en el ramo, seguiremos trabajando con la mayor calidad en nuestros productos hechos a mano, innovando siempre en m\u00e9todos de trabajo y con el gusto siempre de aprender m\u00e1s del oficio\u00a0\u00a0y\u00a0\u00a0seguir siempre viendo para adelante, ya que este sue\u00f1o a\u00fan no termina.<\/span><\/strong><\/p><p class=\"font_8\"><strong><span style=\"color: #000000;\"><span class=\"wixGuard\">\u200b<\/span>Canyon\u00a0\u00a0Hats tiene la visi\u00f3n de superar fronteras y posicionarse en las mejores tiendas del mundo con sus productos y llegar a estar en una competencia siempre sana , leal y respetuosa con las mejores marcas del mercado.<\/span><\/strong><\/p><p class=\"font_8\"><strong><span style=\"color: #000000;\"><span class=\"wixGuard\">\u200b<\/span>Para lo logar este objetivo en el a\u00f1o 2018 formaliza una sociedad y un convenio de comercializaci\u00f3n exclusiva de su marca Canyon Hats con el Sr. Francisco Tinajero, persona con m\u00e1s de 30 a\u00f1os de experiencia en el \u00e1rea comercial en la venta de diferentes productos entre ellos los sombreros .<\/span><\/strong><\/p><p class=\"font_8\"><strong><span style=\"color: #000000;\"><span class=\"wixGuard\">\u200b<\/span>A partir de esta uni\u00f3n de esfuerzos Canyon Hats\u00a0\u00a0empez\u00f3 a tener ya una gran presencia como marca en varias tiendas\u00a0\u00a0de prestigio en el pa\u00eds con muy buenos resultados, obtenidos estos gracias a su gran calidad en los materiales utilizados en su fabricaci\u00f3n, en sus dise\u00f1os,\u00a0\u00a0en ser\u00a0hechos totalmente a mano pero sobre todo en el cuidado y esmero que se tiene en su elaboraci\u00f3n.<\/span><\/strong><\/p><p class=\"font_8\"><strong><span style=\"color: #000000;\"><span class=\"wixGuard\">\u200b<\/span>En este momento la empresa se \u00e9sta preparando\u00a0\u00a0para en un corto plazo iniciar con la exportaci\u00f3n de sus productos a diferentes partes del mundo.<\/span><\/strong><\/p>\t\t\t\t\t<\/div>\n\t\t\t\t\t\t<\/div>\n\t\t\t\t<\/div>\n\t\t\t\t\t\t<\/div>\n\t\t\t\t\t<\/div>\n\t\t<\/div>\n\t\t\t\t\t\t\t\t<\/div>\n\t\t\t\t\t<\/div>\n\t\t<\/section>\n\t\t\t\t\t\t<\/div>\n\t\t\t\t\t\t<\/div>\n\t\t\t\t\t<\/div>\n\t\t","protected":false},"excerpt":{"rendered":"<p>Antonio Garcia fundador de \u201cCanyon\u00a0\u00a0Hats\u201d es el sexto de once hermanos del matrimonio de Filem\u00f3n Garcia y Ma. Luisa Sierra. Desde muy [&hellip;]<\/p>\n","protected":false},"author":1,"featured_media":0,"parent":0,"menu_order":0,"comment_status":"closed","ping_status":"closed","template":"page-templates\/page_fullwidth.php","meta":[],"_links":{"self":[{"href":"https:\/\/www.canyonhat.com\/site2\/wp-json\/wp\/v2\/pages\/600"}],"collection":[{"href":"https:\/\/www.canyonhat.com\/site2\/wp-json\/wp\/v2\/pages"}],"about":[{"href":"https:\/\/www.canyonhat.com\/site2\/wp-json\/wp\/v2\/types\/page"}],"author":[{"embeddable":true,"href":"https:\/\/www.canyonhat.com\/site2\/wp-json\/wp\/v2\/users\/1"}],"replies":[{"embeddable":true,"href":"https:\/\/www.canyonhat.com\/site2\/wp-json\/wp\/v2\/comments?post=600"}],"version-history":[{"count":5,"href":"https:\/\/www.canyonhat.com\/site2\/wp-json\/wp\/v2\/pages\/600\/revisions"}],"predecessor-version":[{"id":960,"href":"https:\/\/www.canyonhat.com\/site2\/wp-json\/wp\/v2\/pages\/600\/revisions\/960"}],"wp:attachment":[{"href":"https:\/\/www.canyonhat.com\/site2\/wp-json\/wp\/v2\/media?parent=600"}],"curies":[{"name":"wp","href":"https:\/\/api.w.org\/{rel}","templated":true}]}}